{"id":3,"date":"2021-03-14T00:21:58","date_gmt":"2021-03-14T00:21:58","guid":{"rendered":"http:\/\/drcubano.eu\/?page_id=3"},"modified":"2022-10-23T19:52:15","modified_gmt":"2022-10-23T19:52:15","slug":"pravila-privatnosti","status":"publish","type":"page","link":"https:\/\/drcubano.eu\/index.php\/pravila-privatnosti\/","title":{"rendered":"Pravila privatnosti"},"content":{"rendered":"\t\t<div data-elementor-type=\"wp-page\" data-elementor-id=\"3\" class=\"elementor elementor-3\" data-elementor-settings=\"[]\">\n\t\t\t\t\t\t\t<div class=\"elementor-section-wrap\">\n\t\t\t\t\t\t\t<section class=\"elementor-section elementor-top-section elementor-element elementor-element-36ab1068 elementor-section-boxed elementor-section-height-default elementor-section-height-default\" data-id=\"36ab1068\" data-element_type=\"section\">\n\t\t\t\t\t\t<div class=\"elementor-container elementor-column-gap-default\">\n\t\t\t\t\t<div class=\"elementor-column elementor-col-100 elementor-top-column elementor-element elementor-element-3ccb0d91\" data-id=\"3ccb0d91\" data-element_type=\"column\">\n\t\t\t<div class=\"elementor-widget-wrap elementor-element-populated\">\n\t\t\t\t\t\t\t\t<div class=\"elementor-element elementor-element-04a49e0 elementor-widget elementor-widget-text-editor\" data-id=\"04a49e0\" data-element_type=\"widget\" data-widget_type=\"text-editor.default\">\n\t\t\t\t<div class=\"elementor-widget-container\">\n\t\t\t\t\t<div class=\"elementor-text-editor elementor-clearfix\"><h1>Politika privatnosti<\/h1>\n<div class=\"rte\">\n<h2><strong>Op\u0107e informacije<\/strong><\/h2>\n<p>Privatnost korisnika shva\u0107amo vrlo ozbiljno.\u00a0Budu\u0107i da prikupljamo razli\u010dite vrste podataka o posjetiteljima web mjesta, \u017eelimo da razumijete uvjete pod kojima bilje\u017eimo, pohranjujemo i koristimo va\u0161e podatke.\u00a0Politika privatnosti koja stoji pred vama opisuje podatke koje prikupljamo, kako ih koristimo i kako ih mijenjamo.\u00a0Ova Pravila o privatnosti vrijede na cijelom web mjestu\u00a0<a href=\"http:\/\/www.drcubano.co\/\">www.drcubano.co<\/a>\u00a0bez obzira jesu li podaci na\u0161e vlasni\u0161tvo ili jedan od na\u0161ih partnera.<\/p>\n<h2><strong>Informacije koje prikupljamo<\/strong><\/h2>\n<p>Kada prikupljamo osobne podatke od korisnika, na\u0161 je primarni cilj pru\u017eiti vam najbolji i naju\u010dinkovitiji sadr\u017eaj i usluge.\u00a0Za nekoliko usluga unutar web mjesta potrebno je navesti osobne podatke kako bi usluga mogla funkcionirati.\u00a0To uklju\u010duje sve podatke koje ostavljate prilikom ispunjavanja obrazaca na web mjestu ili tijekom postupka kupnje, kao i pretplatu na bilten e-po\u0161te.\u00a0Podaci koji su potrebni pri kupnji na web mjestu su: ime i prezime, adresa e-po\u0161te (e-mail), kontakt telefon, mjesto i adresa i po\u0161tanski broj.<\/p>\n<p>Obavezujemo se da ne\u0107emo sve prikupljene podatke u\u010diniti dostupnima tre\u0107im stranama.<\/p>\n<h2><strong>Prikupljanje informacija<\/strong><\/h2>\n<p>Kada posjetite stranice na na\u0161em web mjestu i niste se registrirali za neku od na\u0161ih internetskih usluga, to \u010dinite anonimno.\u00a0Ovom prilikom ne prikupljamo va\u0161e osobne podatke, poput va\u0161eg imena, adrese, telefonskog broja ili adrese e-po\u0161te.\u00a0Me\u0111utim, na\u0161 softver koristi tzv.\u00a0kola\u010di\u0107e za prikupljanje podataka o na\u010dinu kori\u0161tenja web stranice.\u00a0Skupno se prikupljaju i nadgledaju podaci o poslu\u017eitelju na koji je ra\u010dunalo povezano, vrsti va\u0161eg internetskog preglednika (npr. Firefox, Chrome ili Internet Explorer) i jeste li sudjelovali u anketi.\u00a0Te se informacije koriste za ograni\u010davanje glasovanja s iste IP adrese, tj. Za stvaranje statistike tra\u017eilice.<\/p>\n<p>U analiti\u010dke svrhe koristimo i softver Google Analytics koji sam prikuplja podatke o posjetima, pona\u0161anju, navikama i sli\u010dno.\u00a0Budu\u0107i da nije u na\u0161em posjedu, ne mo\u017eemo jam\u010diti niti se smatrati odgovornima za anonimnost i sigurnost ovih podataka.<\/p>\n<h2><strong>Registracija za online proizvode i usluge<\/strong><\/h2>\n<p>Da biste vam omogu\u0107ili kupnju odre\u0111enog proizvoda iz na\u0161e internetske trgovine, potrebno je da nam dostavite osobne podatke poput imena i prezimena, po\u0161tanske adrese i adrese e-po\u0161te i eventualno telefonski broj za mogu\u0107u korespondenciju, sudjelovanje u mre\u017enim anketama ili primanje obavijesti o novim proizvodima i dionicama.\u00a0Te su nam informacije potrebne kako bismo mogli izvr\u0161iti va\u0161u kupnju.<\/p>\n<h2><strong>Upotreba informacija<\/strong><\/h2>\n<p>Nije isklju\u010deno da \u0107emo koristiti podatke koje ste nam dali, na pr.\u00a0pru\u017eali uslugu, mjerili interes kupaca za razne usluge koje nudimo i informirali vas o njihovim proizvodima i uslugama.\u00a0Ako nam dostavite svoju adresu e-po\u0161te ili ste to ve\u0107 u\u010dinili ili ako saznamo iz drugog izvora, mo\u017eda \u0107emo vam poslati ponude e-po\u0161tom.\u00a0Takve ponude mogu se temeljiti na podacima koje nam po\u0161aljete tijekom prve transakcije ili putem anketa na na\u0161oj web stranici.\u00a0Kad vam po\u0161aljemo e-po\u0161tu, mo\u017eda \u0107emo mo\u0107i utvrditi podatke o va\u0161oj e-adresi, npr.\u00a0mo\u017eete li primati grafi\u010dki oboga\u0107ene html poruke.\u00a0Ako je va\u0161a adresa postavljena za primanje poruka u html formatu, mo\u017eemo vam poslati grafi\u010dki oboga\u0107ene html poruke putem e-po\u0161te.<\/p>\n<p>Molimo vas da shvatite da va\u0161u adresu e-po\u0161te ne dijelimo s na\u0161im poslovnim partnerima.\u00a0Me\u0111utim, mogu\u0107e je da \u0107emo vam slati ponude u ime na\u0161ih poslovnih partnera.\u00a0Imajte na umu da je mogu\u0107e da ako iskoristite ponudu poslovnog partnera i postanete njegov klijent, oni \u0107e vam slati ponude neovisno o nama.\u00a0U tom \u0107ete ih slu\u010daju morati zasebno obavijestiti ako ubudu\u0107e ne \u017eelite primati njihove ponude.<br \/><br \/>Cilj nam je poslati ponude za koje vjerujemo da su relevantne i vrijedne za kupce.\u00a0Ponude se daju i odr\u017eavaju u skladu sa strogim uvjetima stvorenim za za\u0161titu sigurnosti i privatnosti osobnih podataka na\u0161ih klijenata.\u00a0Mo\u017eete se odjaviti s popisa biltena u bilo kojem trenutku klikom na vezu koja postoji u svakoj poruci koju je poslao na\u0161 tim biltena.<\/p>\n<h2><strong>Maloljetnici<\/strong><\/h2>\n<p>Stranice na\u0161e web stranice ne koristimo za namjerno prikupljanje podataka od djece mla\u0111e od 14 godina, niti za njihovu prodaju proizvoda ili usluga.<\/p>\n<h2><strong>Promjene u Pravilima o privatnosti na na\u0161oj web stranici<\/strong><\/h2>\n<p>Sve promjene u Pravilima o privatnosti bit \u0107e objavljene ovdje kako biste bili u potpunosti informirani o za\u0161titi privatnosti koju nudimo i izborima koji su vam na raspolaganju u vezi s na\u0161om upotrebom osobnih podataka u marketin\u0161ke svrhe.<\/p>\n<p>Sva pitanja u vezi s va\u0161om privatno\u0161\u0107u prilikom posjeta ovoj stranici mo\u017eete poslati telefonom na broj +381652047470 ili ispuniti obrazac za kontakt na na\u0161oj web stranici.<\/p>\n<\/div><\/div>\n\t\t\t\t<\/div>\n\t\t\t\t<\/div>\n\t\t\t\t<div class=\"elementor-element elementor-element-5347340 elementor-widget elementor-widget-text-editor\" data-id=\"5347340\" data-element_type=\"widget\" data-widget_type=\"text-editor.default\">\n\t\t\t\t<div class=\"elementor-widget-container\">\n\t\t\t\t\t<div class=\"elementor-text-editor elementor-clearfix\"><h2>Tko smo mi<\/h2>\n<p><!-- \/wp:heading --><!-- wp:paragraph --><\/p>\n<p>Adresa na\u0161e web-stranice je: http:\/\/vitaotium.com.<\/p>\n<p><!-- \/wp:paragraph --><!-- wp:heading --><\/p>\n<h2>Koje osobne podatke prikupljamo i za\u0161to<\/h2>\n<p><!-- \/wp:heading --><!-- wp:heading {\"level\":3} --><\/p>\n<h3>Komentari<\/h3>\n<p><!-- \/wp:heading --><!-- wp:paragraph --><\/p>\n<p>Kada posjetitelji napi\u0161u komentar na web-stranici mi prikupljamo podatke prikazane u formi komentara, i tako\u0111er IP adresu posjetitelja kao i string korisni\u010dkog agenta preglednika kako lak\u0161e detektirali spam.<\/p>\n<p><!-- \/wp:paragraph --><!-- wp:paragraph --><\/p>\n<p>Mogu\u0107e je da je anonimiziran string kreiran iz va\u0161e adrese e-po\u0161te (koji se tako\u0111er zove hash) dostavljen Gravatar servisu kako bismo provjerili koristite li ga. Pravila privatnosti Gravatar servisa dostupna su ovdje: https:\/\/automattic.com\/privacy\/. Nakon odobrenja va\u0161eg komentara, va\u0161a profilna slika je javno vidljiva u kontekstu va\u0161eg komentara.<\/p>\n<p><!-- \/wp:paragraph --><!-- wp:heading {\"level\":3} --><\/p>\n<h3>Medij<\/h3>\n<p><!-- \/wp:heading --><!-- wp:paragraph --><\/p>\n<p>Ako prenesete sliku na web-stranicu, trebali biste izbjegavati prijenos slika koje imaju ugra\u0111ene podatke o lokaciji (EXIF GPS). Posjetitelji web-stranice mogu ih preuzeti i izdvojiti bilo koje podatke o lokaciji iz slika s web-stranice.<\/p>\n<p><!-- \/wp:paragraph --><!-- wp:heading {\"level\":3} --><\/p>\n<h3>Kontakt forme<\/h3>\n<p><!-- \/wp:heading --><!-- wp:heading {\"level\":3} --><\/p>\n<h3>Kola\u010di\u0107i<\/h3>\n<p><!-- \/wp:heading --><!-- wp:paragraph --><\/p>\n<p>Ako napi\u0161ete komentar na na\u0161oj web-stranici, mo\u017eete odabrati spremanje imena, adrese e-po\u0161te i web-stranice u kola\u010di\u0107e. To vam olak\u0161ava ponovno komentiranje, da ne morate ponovno unositi te informacije. Ovi kola\u010di\u0107i traju godinu dana.<\/p>\n<p><!-- \/wp:paragraph --><!-- wp:paragraph --><\/p>\n<p>Ako posjetite na\u0161u stranicu za prijavu, postavit \u0107emo privremeni kola\u010di\u0107 kako bismo utvrdili prihva\u0107a li va\u0161 preglednik kola\u010di\u0107e. Ovaj kola\u010di\u0107 ne sadr\u017ei osobne podatke i bri\u0161e se kada ugasite preglednik.<\/p>\n<p><!-- \/wp:paragraph --><!-- wp:paragraph --><\/p>\n<p>Kada se prijavite, tako\u0111er \u0107emo postaviti nekoliko kola\u010di\u0107a kako bismo sa\u010duvali va\u0161e podatke o prijavi i va\u0161e postavke zaslona. Kola\u010di\u0107i prijave traju dva dana, a kola\u010di\u0107i postavki zaslona traju godinu dana. Ako odaberete &#8220;Zapamti me&#8221;, va\u0161a prijava \u0107e trajati dva tjedna. Ako se odjavite s ra\u010duna, kola\u010di\u0107i prijave biti \u0107e uklonjeni.<\/p>\n<p><!-- \/wp:paragraph --><!-- wp:paragraph --><\/p>\n<p>Ako uredite ili objavite \u010dlanak, dodatni kola\u010di\u0107 biti \u0107e spremljen u va\u0161em pregledniku. Ovaj kola\u010di\u0107 ne sadr\u017ei osobne podatke i samo ukazuje na ID objave \u010dlanka koji ste upravo uredili. Kola\u010di\u0107 istekne nakon 1 dana.<\/p>\n<p><!-- \/wp:paragraph --><!-- wp:heading {\"level\":3} --><\/p>\n<h3>Ugra\u0111eni sadr\u017eaj s drugih web-stranica<\/h3>\n<p><!-- \/wp:heading --><!-- wp:paragraph --><\/p>\n<p>\u010clanci na ovoj web-stranici mogu sadr\u017eavati ugra\u0111eni sadr\u017eaj (npr. video, slike, \u010dlanke, itd.). Ugra\u0111eni sadr\u017eaj sa drugih web-stranica pona\u0161a se istovjetno kao da je posjetitelj posjetio tu drugu web-stranicu.<\/p>\n<p><!-- \/wp:paragraph --><!-- wp:paragraph --><\/p>\n<p>Ove web-stranice mo\u017eda prikupljaju podatke o vama, koriste kola\u010di\u0107e, imaju ugra\u0111eno dodatno pra\u0107enje od tre\u0107ih strana, i nadgledaju va\u0161u interakciju s tim ugra\u0111enim sadr\u017eajem, uklju\u010duju\u0107i pra\u0107enje va\u0161e interakcije s ugra\u0111enim sadr\u017eajem ako imate ra\u010dun i prijavljeni ste na web-stranici.<\/p>\n<p><!-- \/wp:paragraph --><!-- wp:heading {\"level\":3} --><\/p>\n<h3>Analitike<\/h3>\n<p><!-- \/wp:heading --><!-- wp:heading --><\/p>\n<h2>S kime dijelimo va\u0161e podatke<\/h2>\n<p><!-- \/wp:heading --><!-- wp:paragraph --><\/p>\n<p>Ako zatra\u017eite ponovno postavljanje lozinke, va\u0161a IP adresa bit \u0107e uklju\u010dena u poruku e-po\u0161te za ponovno postavljanje.<\/p>\n<p><!-- \/wp:paragraph --><!-- wp:heading --><\/p>\n<h2>Koliko dugo \u010duvamo va\u0161e podatke<\/h2>\n<p><!-- \/wp:heading --><!-- wp:paragraph --><\/p>\n<p>Ako napi\u0161ete komentar, komentar i njegovi meta podaci su sa\u010duvani zauvijek. To je zato da mo\u017eemo automatski prepoznati i odobriti budu\u0107e komentare, umjesto da ih dr\u017eimo na \u010dekanju za odobrenje.<\/p>\n<p><!-- \/wp:paragraph --><!-- wp:paragraph --><\/p>\n<p>Za korisnike koji se registriraju na na\u0161oj web-stranici (ako ih ima), mi tako\u0111er pohranjujemo osobne podatke koje navedu u njihovim korisni\u010dkim profilima, Svi korisnici mogu vidjeti, urediti, ili obrisati svoje osobne podatke u bilo koje vrijeme ( osim \u0161to ne mogu promijeniti svoje korisni\u010dko ime). Administratori web-stranice tako\u0111er mogu vidjeti i urediti te informacije.<\/p>\n<p><!-- \/wp:paragraph --><!-- wp:heading --><\/p>\n<h2>Koja prava imate nad svojim podacima<\/h2>\n<p><!-- \/wp:heading --><!-- wp:paragraph --><\/p>\n<p>Ako imate ra\u010dun na ovoj web-stranici, ili ste pisali komentare, mo\u017eete zatra\u017eiti primanje izvozne datoteke osobnih podataka koje imamo o vama, uklju\u010duju\u0107i sve podatke koje ste nam dostavili. Tako\u0111er mo\u017eete zatra\u017eiti brisanje svih osobnih podataka koje imamo o vama. Ovo ne uklju\u010duje bilo koje podatke koje smo obavezni dr\u017eati za administrativne, pravne ili sigurnosne namjene.<\/p>\n<p><!-- \/wp:paragraph --><!-- wp:heading --><\/p>\n<h2>Gdje \u0161aljemo va\u0161e podatke<\/h2>\n<p><!-- \/wp:heading --><!-- wp:paragraph --><\/p>\n<p>Komentari posjetitelja mogu se provjeriti putem automatske usluge za otkrivanje ne\u017eeljene po\u0161te.<\/p>\n<p><!-- \/wp:paragraph --><!-- wp:heading --><\/p>\n<h2>Va\u0161e kontakt informacije<\/h2>\n<p><!-- \/wp:heading --><!-- wp:heading --><\/p>\n<h2>Dodatne informacije<\/h2>\n<p><!-- \/wp:heading --><!-- wp:heading {\"level\":3} --><\/p>\n<h3>Kako \u0161titimo va\u0161e podatke<\/h3>\n<p><!-- \/wp:heading --><!-- wp:heading {\"level\":3} --><\/p>\n<h3>Kakve procedure imamo pripremljene u slu\u010daju povrede podataka<\/h3>\n<p><!-- \/wp:heading --><!-- wp:heading {\"level\":3} --><\/p>\n<h3>Od kojih tre\u0107ih strana primamo podatke<\/h3>\n<p><!-- \/wp:heading --><!-- wp:heading {\"level\":3} --><\/p>\n<h3>Koje automatsko dono\u0161enje odluka i\/ili profiliranje radimo s korisni\u010dkim podacima<\/h3>\n<p><!-- \/wp:heading --><!-- wp:heading {\"level\":3} --><\/p>\n<h3>Uvjeti objavljivanja industrijskih regulativa<\/h3><\/div>\n\t\t\t\t<\/div>\n\t\t\t\t<\/div>\n\t\t\t\t\t<\/div>\n\t\t<\/div>\n\t\t\t\t\t\t\t<\/div>\n\t\t<\/section>\n\t\t\t\t\t\t<\/div>\n\t\t\t\t\t<\/div>\n\t\t","protected":false},"excerpt":{"rendered":"<p>Politika privatnosti Op\u0107e informacije Privatnost korisnika shva\u0107amo vrlo ozbiljno.\u00a0Budu\u0107i da prikupljamo razli\u010dite vrste podataka o posjetiteljima web mjesta, \u017eelimo da razumijete uvjete pod kojima bilje\u017eimo, pohranjujemo i koristimo va\u0161e podatke.\u00a0Politika privatnosti koja stoji pred vama opisuje podatke koje prikupljamo, kako ih koristimo i kako ih mijenjamo.\u00a0Ova Pravila o privatnosti vrijede na cijelom web mjestu\u00a0www.drcubano.co\u00a0bez obzira [&hellip;]<\/p>\n","protected":false},"author":1,"featured_media":0,"parent":0,"menu_order":0,"comment_status":"closed","ping_status":"closed","template":"","meta":[],"_links":{"self":[{"href":"https:\/\/drcubano.eu\/index.php\/wp-json\/wp\/v2\/pages\/3"}],"collection":[{"href":"https:\/\/drcubano.eu\/index.php\/wp-json\/wp\/v2\/pages"}],"about":[{"href":"https:\/\/drcubano.eu\/index.php\/wp-json\/wp\/v2\/types\/page"}],"author":[{"embeddable":true,"href":"https:\/\/drcubano.eu\/index.php\/wp-json\/wp\/v2\/users\/1"}],"replies":[{"embeddable":true,"href":"https:\/\/drcubano.eu\/index.php\/wp-json\/wp\/v2\/comments?post=3"}],"version-history":[{"count":7,"href":"https:\/\/drcubano.eu\/index.php\/wp-json\/wp\/v2\/pages\/3\/revisions"}],"predecessor-version":[{"id":72,"href":"https:\/\/drcubano.eu\/index.php\/wp-json\/wp\/v2\/pages\/3\/revisions\/72"}],"wp:attachment":[{"href":"https:\/\/drcubano.eu\/index.php\/wp-json\/wp\/v2\/media?parent=3"}],"curies":[{"name":"wp","href":"https:\/\/api.w.org\/{rel}","templated":true}]}}