{"id":175,"date":"2021-04-10T12:51:43","date_gmt":"2021-04-10T12:51:43","guid":{"rendered":"https:\/\/drcubano.eu\/?page_id=175"},"modified":"2022-10-23T19:52:15","modified_gmt":"2022-10-23T19:52:15","slug":"ideja-projekta","status":"publish","type":"page","link":"https:\/\/drcubano.eu\/index.php\/ideja-projekta\/","title":{"rendered":"Ideja projekta"},"content":{"rendered":"\t\t<div data-elementor-type=\"wp-page\" data-elementor-id=\"175\" class=\"elementor elementor-175\" data-elementor-settings=\"[]\">\n\t\t\t\t\t\t\t<div class=\"elementor-section-wrap\">\n\t\t\t\t\t\t\t<section class=\"elementor-section elementor-top-section elementor-element elementor-element-5cb79d6 elementor-section-boxed elementor-section-height-default elementor-section-height-default\" data-id=\"5cb79d6\" data-element_type=\"section\">\n\t\t\t\t\t\t<div class=\"elementor-container elementor-column-gap-default\">\n\t\t\t\t\t<div class=\"elementor-column elementor-col-100 elementor-top-column elementor-element elementor-element-1d24635\" data-id=\"1d24635\" data-element_type=\"column\">\n\t\t\t<div class=\"elementor-widget-wrap elementor-element-populated\">\n\t\t\t\t\t\t\t\t<div class=\"elementor-element elementor-element-a6e25b4 elementor-widget elementor-widget-heading\" data-id=\"a6e25b4\" data-element_type=\"widget\" data-widget_type=\"heading.default\">\n\t\t\t\t<div class=\"elementor-widget-container\">\n\t\t\t<h1 class=\"elementor-heading-title elementor-size-default\">IDEJA PROJEKTA ima poveznicu sa ...<\/h1>\t\t<\/div>\n\t\t\t\t<\/div>\n\t\t\t\t<div class=\"elementor-element elementor-element-e527074 elementor-widget elementor-widget-text-editor\" data-id=\"e527074\" data-element_type=\"widget\" data-widget_type=\"text-editor.default\">\n\t\t\t\t<div class=\"elementor-widget-container\">\n\t\t\t\t\t<div class=\"elementor-text-editor elementor-clearfix\"><p><span>Kuba je jedna od prvih zemalja na svijetu u kojoj se uporaba ljekovitih biljaka za lije\u010denje mnogih bolesti pokazala u\u010dinkovitom, gdje su ljekovite biljke \u010desto uklju\u010dene u medicinske terapije, prvenstveno za osobe oslabljenog imuniteta i posti\u017eu iznimne rezultate u karcinomu bolesnika.\u00a0<\/span><span>Stoga ne \u010dudi \u0161to je potraga za vrhunskim imunostimulantom zapo\u010dela na Kubi.<\/span><\/p><\/div>\n\t\t\t\t<\/div>\n\t\t\t\t<\/div>\n\t\t\t\t\t<\/div>\n\t\t<\/div>\n\t\t\t\t\t\t\t<\/div>\n\t\t<\/section>\n\t\t\t\t<section class=\"elementor-section elementor-top-section elementor-element elementor-element-afb5f12 elementor-section-boxed elementor-section-height-default elementor-section-height-default\" data-id=\"afb5f12\" data-element_type=\"section\">\n\t\t\t\t\t\t<div class=\"elementor-container elementor-column-gap-default\">\n\t\t\t\t\t<div class=\"elementor-column elementor-col-100 elementor-top-column elementor-element elementor-element-8168953\" data-id=\"8168953\" data-element_type=\"column\">\n\t\t\t<div class=\"elementor-widget-wrap elementor-element-populated\">\n\t\t\t\t\t\t\t\t<section class=\"elementor-section elementor-inner-section elementor-element elementor-element-3ec066f elementor-section-boxed elementor-section-height-default elementor-section-height-default\" data-id=\"3ec066f\" data-element_type=\"section\">\n\t\t\t\t\t\t<div class=\"elementor-container elementor-column-gap-default\">\n\t\t\t\t\t<div class=\"elementor-column elementor-col-50 elementor-inner-column elementor-element elementor-element-caed322\" data-id=\"caed322\" data-element_type=\"column\">\n\t\t\t<div class=\"elementor-widget-wrap elementor-element-populated\">\n\t\t\t\t\t\t\t\t<div class=\"elementor-element elementor-element-5811fe3 elementor-widget elementor-widget-image\" data-id=\"5811fe3\" data-element_type=\"widget\" data-widget_type=\"image.default\">\n\t\t\t\t<div class=\"elementor-widget-container\">\n\t\t\t\t\t<div class=\"elementor-image\">\n\t\t\t\t\t\t\t\t\t\t<img width=\"600\" height=\"396\" src=\"https:\/\/drcubano.eu\/wp-content\/uploads\/2021\/04\/fidel-kastro.jpg\" class=\"attachment-large size-large\" alt=\"\" loading=\"lazy\" srcset=\"https:\/\/drcubano.eu\/wp-content\/uploads\/2021\/04\/fidel-kastro.jpg 600w, https:\/\/drcubano.eu\/wp-content\/uploads\/2021\/04\/fidel-kastro-300x198.jpg 300w\" sizes=\"(max-width: 600px) 100vw, 600px\" \/>\t\t\t\t\t\t\t\t\t\t\t<\/div>\n\t\t\t\t<\/div>\n\t\t\t\t<\/div>\n\t\t\t\t\t<\/div>\n\t\t<\/div>\n\t\t\t\t<div class=\"elementor-column elementor-col-50 elementor-inner-column elementor-element elementor-element-8da352f\" data-id=\"8da352f\" data-element_type=\"column\">\n\t\t\t<div class=\"elementor-widget-wrap elementor-element-populated\">\n\t\t\t\t\t\t\t\t<div class=\"elementor-element elementor-element-31b0e56 elementor-widget elementor-widget-heading\" data-id=\"31b0e56\" data-element_type=\"widget\" data-widget_type=\"heading.default\">\n\t\t\t\t<div class=\"elementor-widget-container\">\n\t\t\t<h2 class=\"elementor-heading-title elementor-size-default\">Povijest projekta<\/h2>\t\t<\/div>\n\t\t\t\t<\/div>\n\t\t\t\t<div class=\"elementor-element elementor-element-ddccf81 elementor-widget elementor-widget-text-editor\" data-id=\"ddccf81\" data-element_type=\"widget\" data-widget_type=\"text-editor.default\">\n\t\t\t\t<div class=\"elementor-widget-container\">\n\t\t\t\t\t<div class=\"elementor-text-editor elementor-clearfix\"><p><span>Op\u0107e je poznata \u010dinjenica da je Fidel Castro bio veliki ljubitelj biljaka i \u017eivotinja, te prista\u0161a prirodne ili tradicionalne medicine i upotrebe ljekovitog bilja u lije\u010denju raznih bolesti.\u00a0<\/span><span>Posjedovao je farmu na kojoj je uzgajao mno\u0161tvo biljaka, istra\u017eivao je njihove u\u010dinke i otkrio blagodati koje pojedinac mo\u017ee dobiti koriste\u0107i ih.\u00a0<\/span><span>Tijekom svog \u017eivota proveo je velik broj istra\u017eivanja kojima je krajnji cilj bio zamjena sinteti\u010dkih lijekova proizvodima iz prirode.\u00a0<\/span><span>Tako je, u skladu sa svojim uvjerenjima, vrhovni zapovjednik 1991. godine odlu\u010dio pokrenuti program na Kubi koji uklju\u010duje znanstvenu uporabu poznatih ljekovitih biljaka, ali i njihov razvoj u naprednoj farmaceutskoj industriji i time dodatno pru\u017eio vjetar razvoju i daljnja primjena prirodne medicine.u terapijama.<\/span><\/p><\/div>\n\t\t\t\t<\/div>\n\t\t\t\t<\/div>\n\t\t\t\t\t<\/div>\n\t\t<\/div>\n\t\t\t\t\t\t\t<\/div>\n\t\t<\/section>\n\t\t\t\t\t<\/div>\n\t\t<\/div>\n\t\t\t\t\t\t\t<\/div>\n\t\t<\/section>\n\t\t\t\t<section class=\"elementor-section elementor-top-section elementor-element elementor-element-444da38 elementor-section-boxed elementor-section-height-default elementor-section-height-default\" data-id=\"444da38\" data-element_type=\"section\" data-settings=\"{&quot;background_background&quot;:&quot;classic&quot;}\">\n\t\t\t\t\t\t<div class=\"elementor-container elementor-column-gap-default\">\n\t\t\t\t\t<div class=\"elementor-column elementor-col-100 elementor-top-column elementor-element elementor-element-bf18fec\" data-id=\"bf18fec\" data-element_type=\"column\">\n\t\t\t<div class=\"elementor-widget-wrap elementor-element-populated\">\n\t\t\t\t\t\t\t\t<section class=\"elementor-section elementor-inner-section elementor-element elementor-element-b918b3e elementor-section-boxed elementor-section-height-default elementor-section-height-default\" data-id=\"b918b3e\" data-element_type=\"section\">\n\t\t\t\t\t\t<div class=\"elementor-container elementor-column-gap-default\">\n\t\t\t\t\t<div class=\"elementor-column elementor-col-50 elementor-inner-column elementor-element elementor-element-453fc2b\" data-id=\"453fc2b\" data-element_type=\"column\">\n\t\t\t<div class=\"elementor-widget-wrap elementor-element-populated\">\n\t\t\t\t\t\t\t\t<div class=\"elementor-element elementor-element-69a0d12 elementor-widget elementor-widget-heading\" data-id=\"69a0d12\" data-element_type=\"widget\" data-widget_type=\"heading.default\">\n\t\t\t\t<div class=\"elementor-widget-container\">\n\t\t\t<h2 class=\"elementor-heading-title elementor-size-default\">Od ideje do realizacije<\/h2>\t\t<\/div>\n\t\t\t\t<\/div>\n\t\t\t\t<div class=\"elementor-element elementor-element-5c4cfdd elementor-widget elementor-widget-heading\" data-id=\"5c4cfdd\" data-element_type=\"widget\" data-widget_type=\"heading.default\">\n\t\t\t\t<div class=\"elementor-widget-container\">\n\t\t\t<h4 class=\"elementor-heading-title elementor-size-default\">KONCEPT HUERGO CAMP-a<\/h4>\t\t<\/div>\n\t\t\t\t<\/div>\n\t\t\t\t<div class=\"elementor-element elementor-element-655ad4f elementor-widget elementor-widget-text-editor\" data-id=\"655ad4f\" data-element_type=\"widget\" data-widget_type=\"text-editor.default\">\n\t\t\t\t<div class=\"elementor-widget-container\">\n\t\t\t\t\t<div class=\"elementor-text-editor elementor-clearfix\"><p><span>Op\u0107e je poznata \u010dinjenica da je Fidel Castro bio veliki ljubitelj biljaka i \u017eivotinja, te prista\u0161a prirodne ili tradicionalne medicine i upotrebe ljekovitog bilja u lije\u010denju raznih bolesti.\u00a0<\/span><span>Posjedovao je farmu na kojoj je uzgajao mno\u0161tvo biljaka, istra\u017eivao je njihove u\u010dinke i otkrio blagodati koje pojedinac mo\u017ee dobiti koriste\u0107i ih.\u00a0<\/span><span>Tijekom svog \u017eivota proveo je velik broj istra\u017eivanja kojima je krajnji cilj bio zamjena sinteti\u010dkih lijekova proizvodima iz prirode.\u00a0<\/span><span>Tako je, u skladu sa svojim uvjerenjima, vrhovni zapovjednik 1991. godine odlu\u010dio pokrenuti program na Kubi koji uklju\u010duje znanstvenu uporabu poznatih ljekovitih biljaka, ali i njihov razvoj u naprednoj farmaceutskoj industriji i time dodatno pru\u017eio vjetar razvoju i daljnja primjena prirodne medicine.u terapijama.<\/span><\/p><\/div>\n\t\t\t\t<\/div>\n\t\t\t\t<\/div>\n\t\t\t\t\t<\/div>\n\t\t<\/div>\n\t\t\t\t<div class=\"elementor-column elementor-col-50 elementor-inner-column elementor-element elementor-element-266e15b\" data-id=\"266e15b\" data-element_type=\"column\">\n\t\t\t<div class=\"elementor-widget-wrap elementor-element-populated\">\n\t\t\t\t\t\t\t\t<div class=\"elementor-element elementor-element-a9ed1f9 elementor-widget elementor-widget-image\" data-id=\"a9ed1f9\" data-element_type=\"widget\" data-widget_type=\"image.default\">\n\t\t\t\t<div class=\"elementor-widget-container\">\n\t\t\t\t\t<div class=\"elementor-image\">\n\t\t\t\t\t\t\t\t\t\t<img width=\"438\" height=\"520\" src=\"https:\/\/drcubano.eu\/wp-content\/uploads\/2021\/04\/koncita-kuba.png\" class=\"attachment-large size-large\" alt=\"\" loading=\"lazy\" srcset=\"https:\/\/drcubano.eu\/wp-content\/uploads\/2021\/04\/koncita-kuba.png 438w, https:\/\/drcubano.eu\/wp-content\/uploads\/2021\/04\/koncita-kuba-253x300.png 253w\" sizes=\"(max-width: 438px) 100vw, 438px\" \/>\t\t\t\t\t\t\t\t\t\t\t<\/div>\n\t\t\t\t<\/div>\n\t\t\t\t<\/div>\n\t\t\t\t\t<\/div>\n\t\t<\/div>\n\t\t\t\t\t\t\t<\/div>\n\t\t<\/section>\n\t\t\t\t\t<\/div>\n\t\t<\/div>\n\t\t\t\t\t\t\t<\/div>\n\t\t<\/section>\n\t\t\t\t<section class=\"elementor-section elementor-top-section elementor-element elementor-element-a5d1c31 elementor-section-boxed elementor-section-height-default elementor-section-height-default\" data-id=\"a5d1c31\" data-element_type=\"section\">\n\t\t\t\t\t\t<div class=\"elementor-container elementor-column-gap-default\">\n\t\t\t\t\t<div class=\"elementor-column elementor-col-100 elementor-top-column elementor-element elementor-element-1a8859c\" data-id=\"1a8859c\" data-element_type=\"column\">\n\t\t\t<div class=\"elementor-widget-wrap elementor-element-populated\">\n\t\t\t\t\t\t\t\t<section class=\"elementor-section elementor-inner-section elementor-element elementor-element-2a414f2 elementor-section-boxed elementor-section-height-default elementor-section-height-default\" data-id=\"2a414f2\" data-element_type=\"section\">\n\t\t\t\t\t\t<div class=\"elementor-container elementor-column-gap-default\">\n\t\t\t\t\t<div class=\"elementor-column elementor-col-50 elementor-inner-column elementor-element elementor-element-1fe5965\" data-id=\"1fe5965\" data-element_type=\"column\">\n\t\t\t<div class=\"elementor-widget-wrap elementor-element-populated\">\n\t\t\t\t\t\t\t\t<div class=\"elementor-element elementor-element-c7ba224 elementor-widget elementor-widget-image\" data-id=\"c7ba224\" data-element_type=\"widget\" data-widget_type=\"image.default\">\n\t\t\t\t<div class=\"elementor-widget-container\">\n\t\t\t\t\t<div class=\"elementor-image\">\n\t\t\t\t\t\t\t\t\t\t<img width=\"640\" height=\"480\" src=\"https:\/\/drcubano.eu\/wp-content\/uploads\/2021\/04\/koncita-kubanski-eliksir.jpg\" class=\"attachment-large size-large\" alt=\"\" loading=\"lazy\" srcset=\"https:\/\/drcubano.eu\/wp-content\/uploads\/2021\/04\/koncita-kubanski-eliksir.jpg 640w, https:\/\/drcubano.eu\/wp-content\/uploads\/2021\/04\/koncita-kubanski-eliksir-300x225.jpg 300w, https:\/\/drcubano.eu\/wp-content\/uploads\/2021\/04\/koncita-kubanski-eliksir-600x450.jpg 600w\" sizes=\"(max-width: 640px) 100vw, 640px\" \/>\t\t\t\t\t\t\t\t\t\t\t<\/div>\n\t\t\t\t<\/div>\n\t\t\t\t<\/div>\n\t\t\t\t\t<\/div>\n\t\t<\/div>\n\t\t\t\t<div class=\"elementor-column elementor-col-50 elementor-inner-column elementor-element elementor-element-f97d8b9\" data-id=\"f97d8b9\" data-element_type=\"column\">\n\t\t\t<div class=\"elementor-widget-wrap elementor-element-populated\">\n\t\t\t\t\t\t\t\t<div class=\"elementor-element elementor-element-01b8147 elementor-widget elementor-widget-image\" data-id=\"01b8147\" data-element_type=\"widget\" data-widget_type=\"image.default\">\n\t\t\t\t<div class=\"elementor-widget-container\">\n\t\t\t\t\t<div class=\"elementor-image\">\n\t\t\t\t\t\t\t\t\t\t<img width=\"480\" height=\"480\" src=\"https:\/\/drcubano.eu\/wp-content\/uploads\/2021\/04\/drcubano-poseta-kubi.jpg\" class=\"attachment-large size-large\" alt=\"\" loading=\"lazy\" srcset=\"https:\/\/drcubano.eu\/wp-content\/uploads\/2021\/04\/drcubano-poseta-kubi.jpg 480w, https:\/\/drcubano.eu\/wp-content\/uploads\/2021\/04\/drcubano-poseta-kubi-300x300.jpg 300w, https:\/\/drcubano.eu\/wp-content\/uploads\/2021\/04\/drcubano-poseta-kubi-150x150.jpg 150w, https:\/\/drcubano.eu\/wp-content\/uploads\/2021\/04\/drcubano-poseta-kubi-100x100.jpg 100w\" sizes=\"(max-width: 480px) 100vw, 480px\" \/>\t\t\t\t\t\t\t\t\t\t\t<\/div>\n\t\t\t\t<\/div>\n\t\t\t\t<\/div>\n\t\t\t\t\t<\/div>\n\t\t<\/div>\n\t\t\t\t\t\t\t<\/div>\n\t\t<\/section>\n\t\t\t\t\t<\/div>\n\t\t<\/div>\n\t\t\t\t\t\t\t<\/div>\n\t\t<\/section>\n\t\t\t\t<section class=\"elementor-section elementor-top-section elementor-element elementor-element-bce2ff8 elementor-section-boxed elementor-section-height-default elementor-section-height-default\" data-id=\"bce2ff8\" data-element_type=\"section\">\n\t\t\t\t\t\t<div class=\"elementor-container elementor-column-gap-default\">\n\t\t\t\t\t<div class=\"elementor-column elementor-col-100 elementor-top-column elementor-element elementor-element-98b1d81\" data-id=\"98b1d81\" data-element_type=\"column\">\n\t\t\t<div class=\"elementor-widget-wrap elementor-element-populated\">\n\t\t\t\t\t\t\t\t<div class=\"elementor-element elementor-element-b36d7dc elementor-widget elementor-widget-heading\" data-id=\"b36d7dc\" data-element_type=\"widget\" data-widget_type=\"heading.default\">\n\t\t\t\t<div class=\"elementor-widget-container\">\n\t\t\t<h2 class=\"elementor-heading-title elementor-size-default\">Izbor biljaka za superiorni imunostimulant<\/h2>\t\t<\/div>\n\t\t\t\t<\/div>\n\t\t\t\t<div class=\"elementor-element elementor-element-a29f4f0 elementor-widget elementor-widget-text-editor\" data-id=\"a29f4f0\" data-element_type=\"widget\" data-widget_type=\"text-editor.default\">\n\t\t\t\t<div class=\"elementor-widget-container\">\n\t\t\t\t\t<div class=\"elementor-text-editor elementor-clearfix\"><p><span>Zbog politi\u010dke i ekonomske izolacije u kojoj se Kuba nalazi 60 godina, dodatak iz zemlje nije bilo mogu\u0107e prijaviti.\u00a0Iako je ideja zami\u0161ljena na Kubi, zajedno s receptom samih dodataka, realizaciji projekta trebalo je pristupiti u Srbiji.\u00a0Tako je 2015. godine stvorena kubansko-srpska suradnja koja je zapo\u010dela analizom svih dodataka iz kategorija prehrambenih dodataka, antioksidansa i imunostimulanata, koji su ve\u0107 u uporabi na Kubi i pokazuju izvrsne rezultate u praksi.\u00a0U analizi su kori\u0161teni i dodaci koji nisu proizvedeni na Kubi.\u00a0Vo\u0111ene iskustvom lije\u010dnika na Kubi i rezultatima u praksi, alge spirulina s klorelom te biljke moringa i anamu istaknule su se kao najbolje i najskladnije u svojim kategorijama.<\/span><\/p><p><span>U moru informacija koje nas svakodnevno &#8220;bombardiraju&#8221; o prehrani i prijedlozima vezanim uz blagodati odre\u0111enog proizvoda, proizvo\u0111a\u010di su nas doveli u zbunjuju\u0107u situaciju da ne znamo \u0161to bismo koristili, \u0161to je zapravo znanstveno dokazano i \u0161to je plod marketin\u0161ke kampanje.\u00a0Na\u0161a je ideja eliminirati ovu dvojbu oko ispravnog izbora predstavljanjem najboljih biljaka s najve\u0107im prednostima za imunolo\u0161ki sustav, \u0161to je dokazano znanstvenim istra\u017eivanjima i rezultatima u praksi.\u00a0Inicijativa tvrtke\u00a0\u00a0<\/span><a title=\"https:\/\/www.consulta.rs\/\" href=\"https:\/\/www.consulta.rs\/\"><em><span>Consulta al Futuro<\/span><\/em><\/a><span>\u00a0prona\u0161la je podr\u0161ku kod SMC-a (Servisios Medicos y Academicos de Cuba) s kojim je potpisala ugovor i CNIC-a (Centro Nacional de Investigaciones Ciaching).\u00a0Kubanski tim stru\u010dnjaka iz razli\u010ditih specijalizacija (farmaceut, nutricionist, onkolog, radiolog, lije\u010dnik op\u0107e prakse) okupio se kako bi svojim iskustvom u praksi i znanstvenim istra\u017eivanjima pomogao u realizaciji ovog projekta.\u00a0Kao zahvalnost za realizaciju projekta, \u010diji je radni naziv bio &#8220;Proyecto De Inmunocomplejo Superior&#8221;, &#8220;Consulta al futuro&#8221; dodijelio je zahvalnice za pru\u017eenu pomo\u0107 i podr\u0161ku.\u00a0Pogledajte diplome na\u00a0\u00a0<\/span><a title=\"Tim Lekara\" href=\"https:\/\/drcubano.co\/pages\/tim-lekara\"><span>dnu stranice Doktorskog tima<\/span><\/a><span>\u00a0.<\/span><\/p><p><span>Glavni izazov za kubanske znanstvenike u istra\u017eivanju i definiranju najboljih ljekovitih biljaka bio je taj \u0161to ima zna\u010dajan broj biljaka koje sadr\u017ee tvari koje pozitivno utje\u010du na imunolo\u0161ki sustav.\u00a0Neki od njih sadr\u017ee minimalnu dozu aktivnih tvari za ja\u010danje imuniteta, ali mnogo vi\u0161e drugih aktivnih komponenata i stoga se odbacuju jer ne posti\u017eu velike u\u010dinke na ja\u010danje imunolo\u0161kog sustava tijekom konzumacije.\u00a0S druge strane, imamo velik broj biljaka koje su jaki imunostimulansi.\u00a0Prakti\u010dki je nemogu\u0107e procijeniti koji je od njih najbolji jer svaki od njih ima druga\u010diji mehanizam i na\u010din aktiviranja imunolo\u0161kog sustava upravo zbog razli\u010ditih aktivnih tvari, tako da mehanizam djelovanja na stanicu, a time i na imunolo\u0161ki sustav je razli\u010dit.\u00a0Izvr\u0161ena je prva selekcija biljaka s najja\u010dim sustavom za aktiviranje imunolo\u0161kog sustava i pristupilo se odabiru onih koje u zajedni\u010dkoj primjeni daju najbolje rezultate u praksi, odnosno kojima se posti\u017ee naju\u010dinkovitiji odgovor imunolo\u0161kog sustava.\u00a0Ubrzo je zaklju\u010deno, zbog razli\u010ditog mehanizma djelovanja na imunolo\u0161ki sustav, da se mora pristupiti kombinaciji biljaka koje su kompatibilne kako bi se izbjegle ne\u017eeljene kontraindikacije aktivnih tvari u biljkama koje mogu me\u0111usobno reagirati i tako dovesti do toksina toksi\u010dnost i nuspojave.analiza aktivnih tvari u svim najja\u010dim imunostimuliraju\u0107im biljkama i rezultati njihove primjene u praksi do\u0161li su do zaklju\u010dka da se radi o ljekovitim biljkama Anamu i Moringa te algama Spirulini i Chloreli.\u00a0<\/span><a title=\"http:\/\/www.politika.rs\/sr\/clanak\/130633\/Medicina\/Cudotvorni-anamu-spas-iz-prirode\" href=\"http:\/\/www.politika.rs\/sr\/clanak\/130633\/Medicina\/Cudotvorni-anamu-spas-iz-prirode\"><strong><span>OVDJE<\/span><\/strong><\/a><span>\u00a0) Budu\u0107i da je zdravstveni sustav na Kubi besplatan, ova kombinacija dodataka za strance dostupna je onkolo\u0161kim pacijentima u Me\u0111unarodnoj bolnici La Pradera, gdje se daje u sklopu redovite terapije.<\/span><\/p><\/div>\n\t\t\t\t<\/div>\n\t\t\t\t<\/div>\n\t\t\t\t\t<\/div>\n\t\t<\/div>\n\t\t\t\t\t\t\t<\/div>\n\t\t<\/section>\n\t\t\t\t\t\t<\/div>\n\t\t\t\t\t<\/div>\n\t\t","protected":false},"excerpt":{"rendered":"<p>IDEJA PROJEKTA ima poveznicu sa &#8230; Kuba je jedna od prvih zemalja na svijetu u kojoj se uporaba ljekovitih biljaka za lije\u010denje mnogih bolesti pokazala u\u010dinkovitom, gdje su ljekovite biljke \u010desto uklju\u010dene u medicinske terapije, prvenstveno za osobe oslabljenog imuniteta i posti\u017eu iznimne rezultate u karcinomu bolesnika.\u00a0Stoga ne \u010dudi \u0161to je potraga za vrhunskim imunostimulantom [&hellip;]<\/p>\n","protected":false},"author":1,"featured_media":0,"parent":0,"menu_order":0,"comment_status":"closed","ping_status":"closed","template":"","meta":[],"_links":{"self":[{"href":"https:\/\/drcubano.eu\/index.php\/wp-json\/wp\/v2\/pages\/175"}],"collection":[{"href":"https:\/\/drcubano.eu\/index.php\/wp-json\/wp\/v2\/pages"}],"about":[{"href":"https:\/\/drcubano.eu\/index.php\/wp-json\/wp\/v2\/types\/page"}],"author":[{"embeddable":true,"href":"https:\/\/drcubano.eu\/index.php\/wp-json\/wp\/v2\/users\/1"}],"replies":[{"embeddable":true,"href":"https:\/\/drcubano.eu\/index.php\/wp-json\/wp\/v2\/comments?post=175"}],"version-history":[{"count":13,"href":"https:\/\/drcubano.eu\/index.php\/wp-json\/wp\/v2\/pages\/175\/revisions"}],"predecessor-version":[{"id":267,"href":"https:\/\/drcubano.eu\/index.php\/wp-json\/wp\/v2\/pages\/175\/revisions\/267"}],"wp:attachment":[{"href":"https:\/\/drcubano.eu\/index.php\/wp-json\/wp\/v2\/media?parent=175"}],"curies":[{"name":"wp","href":"https:\/\/api.w.org\/{rel}","templated":true}]}}